 6305 is divided by 762.
209
Calculate the remainder when 37224 is divided by 69.
33
What is the remainder when 61401 is divided by 102?
99
What is the remainder when 979 is divided by 43?
33
Calculate the remainder when 3767 is divided by 609.
113
What is the remainder when 21930 is divided by 87?
6
What is the remainder when 135992 is divided by 521?
11
What is the remainder when 771427 is divided by 22?
19
What is the remainder when 7237 is divided by 10?
7
What is the remainder when 2904 is divided by 35?
34
What is the remainder when 30902 is divided by 6170?
52
What is the remainder when 4270 is divided by 707?
28
What is the remainder when 1859 is divided by 657?
545
What is the remainder when 4082 is divided by 813?
17
Calculate the remainder when 106197 is divided by 40.
37
Calculate the remainder when 51514 is divided by 17046.
376
What is the remainder when 3678 is divided by 1839?
0
Calculate the remainder when 233318 is divided by 153.
146
Calculate the remainder when 17049 is divided by 3.
0
Calculate the remainder when 501288 is divided by 73.
70
What is the remainder when 25646 is divided by 285?
281
What is the remainder when 48318 is divided by 1073?
33
What is the remainder when 869117 is divided by 8?
5
What is the remainder when 43598 is divided by 46?
36
Calculate the remainder when 8234 is divided by 2715.
89
What is the remainder when 8406 is divided by 324?
306
Calculate the remainder when 1013195 is divided by 92.
91
What is the remainder when 69112 is divided by 2085?
307
Calculate the remainder when 3509 is divided by 66.
11
Calculate the remainder when 63652 is divided by 2059.
1882
What is the remainder when 2588 is divided by 88?
36
Calculate the remainder when 81531 is divided by 254.
251
Calculate the remainder when 646 is divided by 63.
16
What is the remainder when 557098 is divided by 32?
10
What is the remainder when 49627 is divided by 919?
1
What is the remainder when 577707 is divided by 57770?
7
Calculate the remainder when 11096 is divided by 149.
70
What is the remainder when 251111 is divided by 106?
103
What is the remainder when 72250 is divided by 7990?
340
What is the remainder when 66579 is divided by 331?
48
Calculate the remainder when 227660 is divided by 14228.
12
What is the remainder when 213649 is divided by 1942?
29
Calculate the remainder when 135874 is divided by 507.
505
Calculate the remainder when 41228 is divided by 162.
80
What is the remainder when 640963 is divided by 23?
22
What is the remainder when 640838 is divided by 433?
431
What is the remainder when 836733 is divided by 27891?
3
What is the remainder when 1247 is divided by 19?
12
What is the remainder when 14447 is divided by 299?
95
What is the remainder when 373002 is divided by 25?
2
Calculate the remainder when 18780 is divided by 4687.
32
What is the remainder when 20278 is divided by 39?
37
Calculate the remainder when 78051 is divided by 1773.
39
Calculate the remainder when 12553 is divided by 6253.
47
Calculate the remainder when 66593 is divided by 11.
10
What is the remainder when 2947 is divided by 311?
148
What is the remainder when 483583 is divided by 38?
33
What is the remainder when 10560 is divided by 277?
34
Calculate the remainder when 137082 is divided by 252.
246
Calculate the remainder when 12317 is divided by 3063.
65
Calculate the remainder when 30085 is divided by 90.
25
What is the remainder when 106664 is divided by 11?
8
What is the remainder when 30883 is divided by 333?
247
What is the remainder when 34473 is divided by 221?
218
What is the remainder when 2417 is divided by 88?
41
What is the remainder when 687 is divided by 192?
111
Calculate the remainder when 122380 is divided by 597.
592
What is the remainder when 7206 is divided by 60?
6
What is the remainder when 662599 is divided by 100?
99
What is the remainder when 64843 is divided by 75?
43
Calculate the remainder when 1062273 is divided by 31.
27
What is the remainder when 17216 is divided by 123?
119
What is the remainder when 113042 is divided by 52?
46
Calculate the remainder when 1056 is divided by 277.
225
What is the remainder when 16562 is divided by 218?
212
Calculate the remainder when 1535 is divided by 43.
30
Calculate the remainder when 4199 is divided by 355.
294
What is the remainder when 42533 is divided by 21?
8
Calculate the remainder when 61395 is divided by 61377.
18
What is the remainder when 2218 is divided by 107?
78
What is the remainder when 31519 is divided by 444?
439
What is the remainder when 1486 is divided by 63?
37
What is the remainder when 14141 is divided by 12157?
1984
Calculate the remainder when 24848 is divided by 49.
5
What is the remainder when 4411 is divided by 490?
1
What is the remainder when 144611 is divided by 18?
17
Calculate the remainder when 3277 is divided by 1042.
151
Calculate the remainder when 11310537 is divided by 30.
27
Calculate the remainder when 1189 is divided by 242.
221
Calculate the remainder when 1620 is divided by 1442.
178
Calculate the remainder when 24522 is divided by 64.
10
What is the remainder when 15167 is divided by 266?
5
Calculate the remainder when 188457 is divided by 15704.
9
Calculate the remainder when 24636 is divided by 69.
3
Calculate the remainder when 4626 is divided by 114.
66
What is the remainder when 17006 is divided by 1419?
1397
Calculate the remainder when 44737 is divided by 2031.
55
Calculate the remainder when 17434 is divided by 903.
277
Calculate the remainder when 16896 is divided by 49.
40
What is the remainder when 41150 is divided by 687?
617
What is the remainder when 32902 is divided by 445?
417
Calculate the remainder when 9648 is divided by 186.
162
What is the remainder when 5949 is divided by 500?
449
Calculate the remainder when 358509 is divided by 616.
613
Calculate the remainder when 2786 is divided by 580.
466
What is the remainder when 12535 is divided by 1148?
1055
Calculate the remainder when 78182 is divided by 21.
20
Calculate the remainder when 13823 is divided by 96.
95
Calculate the remainder when 1559 is divided by 404.
347
What is the remainder when 40478 is divided by 40?
38
Calculate the remainder when 300 is divided by 77.
69
Calculate the remainder when 4106 is divided by 586.
4
Calculate the remainder when 30890 is divided by 343.
20
Calculate the remainder when 3718854 is divided by 5.
4
Calculate the remainder when 21905 is divided by 10951.
3
Calculate the remainder when 1904 is divided by 121.
89
Calculate the remainder when 3157271 is divided by 282.
281
What is the remainder when 1257462 is divided by 428?
426
Calculate the remainder when 6788 is divided by 1086.
272
What is the remainder when 55265 is divided by 89?
85
Calculate the remainder when 3749 is divided by 166.
97
What is the remainder when 112358 is divided by 241?
52
Calculate the remainder when 498569 is divided by 48.
41
What is the remainder when 66513 is divided by 92?
89
What is the remainder when 5155 is divided by 1011?
100
Calculate the remainder when 4555 is divided by 437.
185
What is the remainder when 1962 is divided by 1732?
230
What is the remainder when 5238 is divided by 142?
126
Calculate the remainder when 95022 is divided by 64.
46
Calculate the remainder when 7490 is divided by 37.
16
What is the remainder when 7114 is divided by 805?
674
Calculate the remainder when 323605 is divided by 508.
9
Calculate the remainder when 263137 is divided by 41.
40
What is the remainder when 1620 is divided by 1135?
485
What is the remainder when 189100 is divided by 310?
0
Calculate the remainder when 4687 is divided by 573.
103
Calculate the remainder when 512 is divided by 163.
23
Calculate the remainder when 304154 is divided by 4345.
4
Calculate the remainder when 1427 is divided by 78.
23
Calculate the remainder when 215749 is divided by 125.
124
What is the remainder when 160457 is divided by 6976?
9
What is the remainder when 69605 is divided by 6959?
15
Calculate the remainder when 485 is divided by 60.
5
Calculate the remainder when 3679 is divided by 1521.
637
Calculate the remainder when 38746 is divided by 45.
1
Calculate the remainder when 6823 is divided by 64.
39
What is the remainder when 19804 is divided